{"id":19080,"date":"2024-06-26T15:35:30","date_gmt":"2024-06-26T13:35:30","guid":{"rendered":"http:\/\/swiateczna-kraina.pl\/?page_id=19080"},"modified":"2024-08-12T13:42:51","modified_gmt":"2024-08-12T11:42:51","slug":"19080-2","status":"publish","type":"page","link":"http:\/\/swiateczna-kraina.pl\/","title":{"rendered":"Index"},"content":{"rendered":"\t\t<div data-elementor-type=\"wp-page\" data-elementor-id=\"19080\" class=\"elementor elementor-19080\">\n\t\t\t\t<div class=\"elementor-element elementor-element-f7a905e e-con-full e-flex e-con e-parent\" data-id=\"f7a905e\" data-element_type=\"container\" data-settings=\"{&quot;content_width&quot;:&quot;full&quot;}\" data-core-v316-plus=\"true\">\n\t\t<div class=\"elementor-element elementor-element-4536909 e-con-full e-flex e-con e-child\" data-id=\"4536909\" data-element_type=\"container\" data-settings=\"{&quot;content_width&quot;:&quot;full&quot;,&quot;background_background&quot;:&quot;classic&quot;}\">\n\t\t\t\t<div class=\"elementor-element elementor-element-f80df1b elementor-widget elementor-widget-image\" data-id=\"f80df1b\" data-element_type=\"widget\" data-widget_type=\"image.default\">\n\t\t\t\t<div class=\"elementor-widget-container\">\n\t\t\t<style>\/*! elementor - v3.19.0 - 28-02-2024 *\/\n.elementor-widget-image{text-align:center}.elementor-widget-image a{display:inline-block}.elementor-widget-image a img[src$=\".svg\"]{width:48px}.elementor-widget-image img{vertical-align:middle;display:inline-block}<\/style>\t\t\t\t\t\t\t\t\t\t<img fetchpriority=\"high\" decoding=\"async\" width=\"686\" height=\"301\" src=\"http:\/\/swiateczna-kraina.pl\/wp-content\/uploads\/2024\/07\/zajaczek-napis1.png\" class=\"attachment-2048x2048 size-2048x2048 wp-image-19605\" alt=\"\" srcset=\"http:\/\/swiateczna-kraina.pl\/wp-content\/uploads\/2024\/07\/zajaczek-napis1.png 686w, http:\/\/swiateczna-kraina.pl\/wp-content\/uploads\/2024\/07\/zajaczek-napis1-300x132.png 300w\" sizes=\"(max-width: 686px) 100vw, 686px\" \/>\t\t\t\t\t\t\t\t\t\t\t\t\t<\/div>\n\t\t\t\t<\/div>\n\t\t\t\t<div class=\"elementor-element elementor-element-369132a elementor-widget elementor-widget-bzotech-button-global\" data-id=\"369132a\" data-element_type=\"widget\" data-widget_type=\"bzotech-button-global.default\">\n\t\t\t\t<div class=\"elementor-widget-container\">\n\t\t\t<div class=\"button-wrap-global\" >\r\n    <a class=\"button-inner  icon-off elbzotech-bt-global-style4  elementor-animation-pulse-shrink btn-flex-e image_hover-\" rel=\"nofollow\" href=\"http:\/\/swiateczna-kraina.pl\/?page_id=13957\" >\r\n    \t\r\n                <span class=\"text-button\">\r\n        \tPRZEJD\u0179 NA STRON\u0118    \t<\/span>\r\n                          \r\n    <\/a>\r\n<\/div>\t\t<\/div>\n\t\t\t\t<\/div>\n\t\t\t\t<\/div>\n\t\t<div class=\"elementor-element elementor-element-2b13ff3 e-con-full e-flex e-con e-child\" data-id=\"2b13ff3\" data-element_type=\"container\" data-settings=\"{&quot;content_width&quot;:&quot;full&quot;,&quot;background_background&quot;:&quot;classic&quot;}\">\n\t\t\t\t<div class=\"elementor-element elementor-element-f9d71f6 elementor-widget elementor-widget-image\" data-id=\"f9d71f6\" data-element_type=\"widget\" data-widget_type=\"image.default\">\n\t\t\t\t<div class=\"elementor-widget-container\">\n\t\t\t\t\t\t\t\t\t\t\t\t\t<img decoding=\"async\" src=\"http:\/\/swiateczna-kraina.pl\/wp-content\/uploads\/2024\/06\/SW1.png\" title=\"\" alt=\"\" loading=\"lazy\" \/>\t\t\t\t\t\t\t\t\t\t\t\t\t<\/div>\n\t\t\t\t<\/div>\n\t\t\t\t<div class=\"elementor-element elementor-element-5d0520a elementor-widget elementor-widget-image\" data-id=\"5d0520a\" data-element_type=\"widget\" data-widget_type=\"image.default\">\n\t\t\t\t<div class=\"elementor-widget-container\">\n\t\t\t\t\t\t\t\t\t\t\t\t\t<img decoding=\"async\" width=\"800\" height=\"278\" src=\"http:\/\/swiateczna-kraina.pl\/wp-content\/uploads\/2024\/08\/kraina-napisLg2.png\" class=\"attachment-2048x2048 size-2048x2048 wp-image-19709\" alt=\"\" srcset=\"http:\/\/swiateczna-kraina.pl\/wp-content\/uploads\/2024\/08\/kraina-napisLg2.png 800w, http:\/\/swiateczna-kraina.pl\/wp-content\/uploads\/2024\/08\/kraina-napisLg2-300x104.png 300w, http:\/\/swiateczna-kraina.pl\/wp-content\/uploads\/2024\/08\/kraina-napisLg2-768x267.png 768w\" sizes=\"(max-width: 800px) 100vw, 800px\" \/>\t\t\t\t\t\t\t\t\t\t\t\t\t<\/div>\n\t\t\t\t<\/div>\n\t\t\t\t<div class=\"elementor-element elementor-element-b960478 elementor-widget elementor-widget-bzotech-button-global\" data-id=\"b960478\" data-element_type=\"widget\" data-widget_type=\"bzotech-button-global.default\">\n\t\t\t\t<div class=\"elementor-widget-container\">\n\t\t\t<div class=\"button-wrap-global\" >\r\n    <a class=\"button-inner  icon-off elbzotech-bt-global-style4  elementor-animation-pulse-shrink btn-flex-e image_hover-\" rel=\"nofollow\" href=\"http:\/\/swiateczna-kraina.pl\/?page_id=19029\" >\r\n    \t\r\n                <span class=\"text-button\">\r\n        \tPRZEJD\u0179 NA STRON\u0118    \t<\/span>\r\n                          \r\n    <\/a>\r\n<\/div>\t\t<\/div>\n\t\t\t\t<\/div>\n\t\t\t\t<\/div>\n\t\t\t\t<\/div>\n\t\t\t\t<\/div>\n\t\t","protected":false},"excerpt":{"rendered":"<p>PRZEJD\u0179 NA STRON\u0118 PRZEJD\u0179 NA STRON\u0118<\/p>\n","protected":false},"author":1,"featured_media":0,"parent":0,"menu_order":0,"comment_status":"closed","ping_status":"closed","template":"elementor-template.php","meta":{"footnotes":""},"class_list":["post-19080","page","type-page","status-publish","hentry"],"_links":{"self":[{"href":"http:\/\/swiateczna-kraina.pl\/index.php?rest_route=\/wp\/v2\/pages\/19080","targetHints":{"allow":["GET"]}}],"collection":[{"href":"http:\/\/swiateczna-kraina.pl\/index.php?rest_route=\/wp\/v2\/pages"}],"about":[{"href":"http:\/\/swiateczna-kraina.pl\/index.php?rest_route=\/wp\/v2\/types\/page"}],"author":[{"embeddable":true,"href":"http:\/\/swiateczna-kraina.pl\/index.php?rest_route=\/wp\/v2\/users\/1"}],"replies":[{"embeddable":true,"href":"http:\/\/swiateczna-kraina.pl\/index.php?rest_route=%2Fwp%2Fv2%2Fcomments&post=19080"}],"version-history":[{"count":83,"href":"http:\/\/swiateczna-kraina.pl\/index.php?rest_route=\/wp\/v2\/pages\/19080\/revisions"}],"predecessor-version":[{"id":19718,"href":"http:\/\/swiateczna-kraina.pl\/index.php?rest_route=\/wp\/v2\/pages\/19080\/revisions\/19718"}],"wp:attachment":[{"href":"http:\/\/swiateczna-kraina.pl\/index.php?rest_route=%2Fwp%2Fv2%2Fmedia&parent=19080"}],"curies":[{"name":"wp","href":"https:\/\/api.w.org\/{rel}","templated":true}]}}